{"id":161,"date":"2020-03-18T14:38:59","date_gmt":"2020-03-18T13:38:59","guid":{"rendered":"http:\/\/www.tierversuchsgegner.at\/wpibt\/?page_id=161"},"modified":"2020-03-19T20:44:28","modified_gmt":"2020-03-19T19:44:28","slug":"kurzportraet","status":"publish","type":"page","link":"https:\/\/www.tierversuchsgegner.at\/wpibt\/kurzportraet\/","title":{"rendered":"Kurzportr\u00e4t"},"content":{"rendered":"<p>Der Internationale Bund der Tierversuchsgegner (IBT) ist ein seit 1968 bestehender gemeinn\u00fctziger unabh\u00e4ngiger Verein. Er setzt sich f\u00fcr die Abschaffung aller Tierversuche ein und lehnt Tierversuche aus ethischen, wissenschaftlichen, verbraucherpolitischen, methoden- und medizinkritischen Gr\u00fcnden ab.<\/p>\n<p>Dar\u00fcber hinaus engagiert sich der IBT auch gegen andere Missst\u00e4nde im Tierschutzbereich.<\/p>\n<p>&nbsp;<\/p>\n<p>Aufrufe: 680<\/p>","protected":false},"excerpt":{"rendered":"<p>Der Internationale Bund der Tierversuchsgegner (IBT) ist ein seit 1968 bestehender gemeinn\u00fctziger unabh\u00e4ngiger Verein. Er setzt sich f\u00fcr die Abschaffung aller Tierversuche ein und lehnt Tierversuche aus ethischen, wissenschaftlichen, verbraucherpolitischen, methoden- und medizinkritischen Gr\u00fcnden ab. Dar\u00fcber hinaus engagiert sich der IBT auch <\/p>\n<p><a class=\"read-more\" href=\"https:\/\/www.tierversuchsgegner.at\/wpibt\/kurzportraet\/\">weiterlesen<\/a><\/p>\n","protected":false},"author":1,"featured_media":0,"parent":0,"menu_order":0,"comment_status":"closed","ping_status":"closed","template":"","meta":{"_lmt_disableupdate":"no","_lmt_disable":"","footnotes":""},"_links":{"self":[{"href":"https:\/\/www.tierversuchsgegner.at\/wpibt\/wp-json\/wp\/v2\/pages\/161"}],"collection":[{"href":"https:\/\/www.tierversuchsgegner.at\/wpibt\/wp-json\/wp\/v2\/pages"}],"about":[{"href":"https:\/\/www.tierversuchsgegner.at\/wpibt\/wp-json\/wp\/v2\/types\/page"}],"author":[{"embeddable":true,"href":"https:\/\/www.tierversuchsgegner.at\/wpibt\/wp-json\/wp\/v2\/users\/1"}],"replies":[{"embeddable":true,"href":"https:\/\/www.tierversuchsgegner.at\/wpibt\/wp-json\/wp\/v2\/comments?post=161"}],"version-history":[{"count":2,"href":"https:\/\/www.tierversuchsgegner.at\/wpibt\/wp-json\/wp\/v2\/pages\/161\/revisions"}],"predecessor-version":[{"id":507,"href":"https:\/\/www.tierversuchsgegner.at\/wpibt\/wp-json\/wp\/v2\/pages\/161\/revisions\/507"}],"wp:attachment":[{"href":"https:\/\/www.tierversuchsgegner.at\/wpibt\/wp-json\/wp\/v2\/media?parent=161"}],"curies":[{"name":"wp","href":"https:\/\/api.w.org\/{rel}","templated":true}]}}