{"id":31,"date":"2020-03-18T12:59:09","date_gmt":"2020-03-18T11:59:09","guid":{"rendered":"http:\/\/www.tierversuchsgegner.at\/wpibt\/?page_id=31"},"modified":"2020-03-18T15:19:26","modified_gmt":"2020-03-18T14:19:26","slug":"links","status":"publish","type":"page","link":"https:\/\/www.tierversuchsgegner.at\/wpibt\/links\/","title":{"rendered":"LINKS"},"content":{"rendered":"<p>Hier finden Sie interessante, n\u00fctzliche und weiterf\u00fchrende Links. Bitte w\u00e4hlen Sie den gew\u00fcnschten Themenbereich aus.<\/p>\n<p>&nbsp;<\/p>\n<p>Aufrufe: 1747<\/p>","protected":false},"excerpt":{"rendered":"<p>Hier finden Sie interessante, n\u00fctzliche und weiterf\u00fchrende Links. Bitte w\u00e4hlen Sie den gew\u00fcnschten Themenbereich aus. &nbsp; Aufrufe: 1747<\/p>\n","protected":false},"author":1,"featured_media":0,"parent":0,"menu_order":0,"comment_status":"closed","ping_status":"closed","template":"","meta":{"_lmt_disableupdate":"","_lmt_disable":"","footnotes":""},"_links":{"self":[{"href":"https:\/\/www.tierversuchsgegner.at\/wpibt\/wp-json\/wp\/v2\/pages\/31"}],"collection":[{"href":"https:\/\/www.tierversuchsgegner.at\/wpibt\/wp-json\/wp\/v2\/pages"}],"about":[{"href":"https:\/\/www.tierversuchsgegner.at\/wpibt\/wp-json\/wp\/v2\/types\/page"}],"author":[{"embeddable":true,"href":"https:\/\/www.tierversuchsgegner.at\/wpibt\/wp-json\/wp\/v2\/users\/1"}],"replies":[{"embeddable":true,"href":"https:\/\/www.tierversuchsgegner.at\/wpibt\/wp-json\/wp\/v2\/comments?post=31"}],"version-history":[{"count":3,"href":"https:\/\/www.tierversuchsgegner.at\/wpibt\/wp-json\/wp\/v2\/pages\/31\/revisions"}],"predecessor-version":[{"id":194,"href":"https:\/\/www.tierversuchsgegner.at\/wpibt\/wp-json\/wp\/v2\/pages\/31\/revisions\/194"}],"wp:attachment":[{"href":"https:\/\/www.tierversuchsgegner.at\/wpibt\/wp-json\/wp\/v2\/media?parent=31"}],"curies":[{"name":"wp","href":"https:\/\/api.w.org\/{rel}","templated":true}]}}